 5
Let c = -36 + 41. Suppose -40 = c*j - 150. List the prime factors of j.
2, 11
Suppose 5 + 0 = t. Suppose -t*j - 13 + 383 = 0. What are the prime factors of j?
2, 37
Let u(a) = a**3 + 6*a**2 - 16*a - 10. Let l be u(-6). Let t = -59 + l. List the prime factors of t.
3
Let k = 1169 + -997. What are the prime factors of k?
2, 43
Suppose 0 = -3*p - 7*a + 6*a + 215, 25 = 5*a. What are the prime factors of p?
2, 5, 7
Let d(s) = s + s - 3 - 8. Suppose 43 = 17*o - 110. List the prime factors of d(o).
7
Let p(f) = -3 - 4*f + 16 + f + f. Let b be p(6). List the prime factors of 10 + (-4 - (0 - b)).
7
Let m(v) = -5 + 77*v + 79*v - 246*v + 87*v. Let q(d) = d**2 + 5*d. Let t be q(-4). List the prime factors of m(t).
7
Let p = 902 - 318. What are the prime factors of p?
2, 73
Suppose -3*x + 3*o + 162 = 2*x, x - 34 = o. List the prime factors of 3 + 0 + 3 + x.
2, 3
Let s(m) = m**3 + 6*m**2 + 6*m. Let v = 1 - 6. Let o be s(v). List the prime factors of 3/o - (-28)/5.
5
Let c = 28 - 23. Suppose 149 + 71 = c*a. What are the prime factors of a?
2, 11
Let v(u) = -u**2 - 8*u - 7. Let h be v(-2). Suppose -2*c = -h*g - 217, 75 = 2*c - 4*g - 145. List the prime factors of c.
2, 29
Let w(k) = -4*k**2 + 3*k**2 + 9*k + 4*k. Suppose 109 = 12*l + 1. What are the prime factors of w(l)?
2, 3
Suppose 38 = 5*q + 3. Suppose -q = -3*c - 34. Let h(t) = -t**3 - 8*t**2 + 10*t + 11. List the prime factors of h(c).
2
Let x(n) = -16*n + 3*n - 5*n**2 - 17 - 8*n**2 - 2*n**3. List the prime factors of x(-8).
3, 31
What are the prime factors of (189/6)/(-7)*20/(-15)?
2, 3
Let j = 919 - -122. List the prime factors of j.
3, 347
Let n(u) be the third derivative of 65*u**4/24 - u**3/6 - 9*u**2. What are the prime factors of n(1)?
2
Let i = -6148 - -8997. List the prime factors of i.
7, 11, 37
Let c(m) = -m**2 + 3*m. Let f be c(2). Suppose -2 + 8 = f*g. Suppose -2*u = g*u - 165. List the prime factors of u.
3, 11
Let m = 0 - -2. Suppose 2*o - 52 = -2*g - 178, -5*g = m*o + 114. Let p = 94 + o. List the prime factors of p.
3
Let n(d) = 2*d**3 + 2*d**2 + 3*d - 1. Let v be n(3). Let j be 5*22*(-5)/10. Let k = v + j. List the prime factors of k.
5
Let r(c) be the first derivative of -6*c + 9 - c + 3*c - 7*c**2. List the prime factors of r(-3).
2, 19
Suppose 6*i = -48 - 24. Let o be 1 + (-1 - -2)*1. What are the prime factors of o - 156/(i/3)?
41
Suppose 6*s - 2754 = 192. What are the prime factors of s?
491
Let y(i) = 8*i**2 - 36*i - 217. List the prime factors of y(-10).
23, 41
Suppose 5743 = -13*o + 29286. What are the prime factors of o?
1811
Let w(q) = 2*q**2 - 4. Let f be w(5). Let i = f - 30. List the prime factors of i.
2
Suppose -2*q + 6378 = 5*t, -q - 2*t = 3*t - 3184. List the prime factors of q.
2, 1597
Let q(x) = 51*x**2 + 2*x - 7. What are the prime factors of q(2)?
3, 67
Suppose 6*p = 1534 + 4358. List the prime factors of p.
2, 491
Let h = -137 - -197. What are the prime factors of 1*(h + 0 + -4)?
2, 7
Let s(k) = 13 - k**3 + 10*k**2 - 6*k + k**2 - 2 - 2*k**2. List the prime factors of s(7).
67
Suppose -3*x = 11 - 23. Suppose 659 = x*i - 389. What are the prime factors of i?
2, 131
Suppose 2*y = -0*y - 4. Let d(c) = -28*c + 4. What are the prime factors of d(y)?
2, 3, 5
Let l(t) be the third derivative of 0 + 3/2*t**3 + 0*t + 1/12*t**4 + 9*t**2. List the prime factors of l(10).
29
Let i(w) = 70*w**2 - 113*w**2 - 3*w + 103*w**2. What are the prime factors of i(-1)?
3, 7
Let q(g) = g + 5. Let n be q(3). Let b = 518 + n. List the prime factors of (-6)/8 - b/(-8).
5, 13
Let i(u) be the third derivative of -2*u**6/3 - u**4/6 - 2*u**3/3 - 26*u**2. What are the prime factors of i(-1)?
2, 5
Let v = 5396 + -2912. List the prime factors of v.
2, 3, 23
Suppose a + 4*f - 528 = 737, -2*f + 2512 = 2*a. What are the prime factors of a?
7, 179
Let y = 53 - 37. Suppose -13*q + y*q - 621 = 0. What are the prime factors of q?
3, 23
Suppose 2*x + 8 = -2*x. List the prime factors of ((-8)/(-4) - 1)/(x/(-106)).
53
Let n = 25 + -24. Suppose n + 26 = -3*o. Let s = 16 + o. List the prime factors of s.
7
Suppose -4*y + 120 = -2*o, 5*o - y = -0*o - 345. Let f be (-2)/(-4) + o/(-20). Suppose q - 68 = 3*j, -f*q - 4*j + 328 = -2*j. What are the prime factors of q?
2, 5
Let s(b) = 2*b**2 + 2*b**3 - 6 + 5*b - 10*b - 3*b**3. Let z be s(-4). Let k = z + -57. List the prime factors of k.
53
Let t = 13 - 31. Let f = 66 - t. List the prime factors of f.
2, 3, 7
List the prime factors of (-9)/72*-8 - -1426.
1427
Let w be 210 - (-3)/6*(2 - 2). Suppose -2*d = 40 - w. List the prime factors of d.
5, 17
Suppose -821 - 385 = -4*f + 2*x, 0 = 2*f + x - 605. Suppose -5*w + 253 = -f. What are the prime factors of w?
3, 37
Let a = 181 - 266. Let o be (-1)/(1/(-3)) + (-32 - -2). Let b = o - a. What are the prime factors of b?
2, 29
Suppose 2*s - 5*x = -3*x + 296, -442 = -3*s + x. Let w = s - -36. List the prime factors of w.
3, 61
Suppose -101 = 5*h + 4. Let t be -1*h/6*18. Suppose 2*g + 15 = t. What are the prime factors of g?
2, 3
Let s be 1328 + (4 - 0/1). List the prime factors of (-4)/(-14) + s/42.
2
Suppose -4 = -r, -5*n - r + 4864 = -340. What are the prime factors of n?
2, 5, 13
Suppose 5*t - 63 - 497 = 0. Let n = 9 + t. What are the prime factors of n?
11
Suppose -4*w + 1089 = 437. Suppose -w - 77 = -3*o. What are the prime factors of o?
2, 5
Suppose 266*a + 30120 = 274*a. List the prime factors of a.
3, 5, 251
Suppose 5*q = -d + 130, 3*q - q = -3*d + 338. Suppose d = 2*n - 4*k, 3*n + 3*k = 71 + 67. What are the prime factors of n?
7
Let q = -22 - -23. Let x be (-6)/((-3)/1)*1. What are the prime factors of x/6*75/q?
5
Let x(u) = -u**3 + 13 - 3*u + 2*u - 17. Let r = -5 - -2. List the prime factors of x(r).
2, 13
Suppose x = -3 + 8. Suppose x*u - 4*m - 338 = 0, 335 = 5*u - 6*m + m. List the prime factors of u.
2, 5, 7
Let l(n) = -10*n + 2. Let j be l(-1). Let k = -10 + j. What are the prime factors of 3/2 - k/(-4)?
2
Suppose 3*p + 25 = -32. Let g = p + 70. What are the prime factors of g?
3, 17
Suppose 4*l - 33 = -5*k, 3*l + 4*k = k + 21. Let v = l - 0. Suppose -v*j + 5*j = 75. List the prime factors of j.
5
Let k = 33 + -30. Suppose 4*a = -5*b + 240, -k*a + 0*a + 180 = -b. What are the prime factors of a?
2, 3, 5
Suppose -3*f = 5*a - 197, a + 3*f - 22 - 15 = 0. Let u = -10 + a. Suppose j = 4*j - u. What are the prime factors of j?
2, 5
Suppose 8*b - 4677 = 1131. List the prime factors of b.
2, 3, 11
Suppose -3*i + 20 = -4. Let p be (-1)/(-4) - 18/i. List the prime factors of (14 - 8)/((-3)/p).
2
Let c be 51/9 - (-8)/(-12). Suppose s + 33 = c. Let h = s + 79. List the prime factors of h.
3, 17
Let z = 523 + -537. Let x = -148 - -86. Let c = z - x. List the prime factors of c.
2, 3
Suppose -40 = -4*d - 20. Suppose -3*j + 29 + 13 = -d*t, -2*j + 3 = 5*t. List the prime factors of j.
3
Let q = -5 - -31. Let p = q + -17. List the prime factors of p.
3
Suppose -8*w - 44 = -4*w. Let a(o) = -o**2 - 15*o + 12. Let c be a(w). Suppose 0 = -4*l + 84 + c. List the prime factors of l.
5, 7
Suppose 0 = 2*m - 2*f - 2, 3*f = -5*m - 0*f + 21. Suppose -4*y = y - 15. Suppose -m*b - b + 41 = -z, b - 7 = -y*z. List the prime factors of b.
2, 5
Let l = 3264 + -1929. What are the prime factors of l?
3, 5, 89
Let n be ((-65)/10)/(2/(-4)). Let q = -1 - -6. Suppose -n = -2*v - 3*j, 4*v + q*j - 27 = -0*v. List the prime factors of v.
2
Suppose 5*n - 2*n = s + 4, -4*n + 3*s + 2 = 0. Suppose -n*f - 3*c = -135, -f + c + 50 = -5. List the prime factors of f.
2, 3, 5
Suppose 4392 = -53*r + 62*r. What are the prime factors of r?
2, 61
Suppose 4*j + p = -16 + 46, -3*p + 27 = 3*j. Suppose -3*n + j*n - 12 = 0. List the prime factors of n.
3
Let u = 26 + -21. Suppose 0 = u*f + 5*h - 25, -f = -2*f - 2*h + 6. What are the prime factors of ((-96)/8)/((-2)/f)?
2, 3
Suppose -2571 = -14*q + 20683. List the prime factors of q.
11, 151
Suppose -4*n - 3*z + 18 = 0, 4*z - 1 + 5 = 4*n. Suppose 0 = -g + 5*q + 15 + 7, -4*q = -n*g + 88. What are the prime factors of g?
2
Suppose 1208 = 4*k - 136. Suppose n = -2*r + 2*n + k, -r + n + 169 = 0. List the prime factors of r.
167
Let t = 6 + -4. What are the prime factors of (-1)/t + (-665)/(-10) + -1?
5, 13
Suppose 2*y - 13 = y - 2*j, 2*j = -5*y + 49. Let k = -6 + 1. Let p = k + y. What are the prime factors of p?
2
Let s